 remainder when 114 is divided by a(4).
44
Let d be -1 + (2 - 4/(-2)). Suppose d*x = -15*x + 306. Let t(y) = 13*y**2 - y - 4. What is the remainder when t(-3) is divided by x?
14
Suppose -9*x + 29 = -16. Suppose x*q = n - 2*n, 3*q + 9 = 0. Suppose 30 = l + 2*l. Calculate the remainder when n is divided by l.
5
Suppose -1878*m - 544 = -1910*m. Suppose i + 0 = -2. Calculate the remainder when (15/12)/(i/(-104)) is divided by m.
14
Let o = -2478 + 4505. Calculate the remainder when o is divided by 78.
77
Calculate the remainder when -3 + (0 + (-864)/(-6) - (-5 + 1)) is divided by 28.
5
Let g = 29 + 24. Let v = 169 + -17. Let m = -136 + v. What is the remainder when g is divided by m?
5
Let c(j) = -24*j**2 - 8*j - 5. Let x be c(-2). Let q = 161 + x. What is the remainder when q is divided by 26?
24
Calculate the remainder when 1060 is divided by (-48)/(-42) - (4 + 3168/(-21)).
24
Let v be (-1)/(16/(-578)) + 1/(-8). Suppose 2*p + 12 = 2*d, 10*d - v = 5*d - p. Calculate the remainder when 137 is divided by d.
4
Suppose -n + 4 = 1. Suppose 2*t + 10 = u + 8, 2*u + 2*t - 10 = 0. What is the remainder when u is divided by n?
1
Suppose 2 - 34 = l. Calculate the remainder when 247 is divided by (-1 - 3)*(7 - (-424)/l).
22
Let k be -1*(-3 + (38 - 0)). Let t = 38 + k. Suppose t - 7 = -2*q. Calculate the remainder when 3 is divided by q.
1
Let j(t) = -t. Let r = 89 + 167. Suppose -2*m + 110 = -3*g, 3*g - r = -4*m - 0*g. Calculate the remainder when m is divided by j(-9).
7
Suppose -27*v = -874 - 1070. What is the remainder when 137 is divided by v?
65
Suppose -2*m + m = -2*p + 17, 0 = -5*p - 3*m + 48. Let b(z) = -3*z - 5*z + 2*z**2 + 4*z + 12 - 7*z. Calculate the remainder when b(7) is divided by p.
6
Let j be ((-4)/5)/(2/(-30)). Suppose -d + 2*h + 46 = 0, -4*d + 3*d + 3*h + 46 = 0. Calculate the remainder when d is divided by (-4)/(-6) + 136/j.
10
Suppose 515 = 7*p + 74. Let l = 47 + -41. Calculate the remainder when p is divided by l.
3
Let c(b) = 4*b**2 + b - 96. Suppose 0 = -3*i + 2*u + 76, -7*u = -i - 2*u + 21. Calculate the remainder when c(-8) is divided by i.
22
Suppose -j - 5*d = -27 - 99, 5*j = -3*d + 652. Calculate the remainder when j is divided by (152/(-57))/((-4)/66).
43
Suppose 37 = 12*c + 1. Suppose 5*o - 22 = -2*n + c*n, 2*n = o - 8. Calculate the remainder when ((756/16)/7)/(o/32) is divided by 12.
6
Suppose -k + 3*i - 46 = 0, 2*i + 16 = -2*i. Let s(l) = l**2 - 12*l - 9. Let g be s(5). Let b = g - k. What is the remainder when 67 is divided by b?
11
Suppose -97*n - 680 = -2135. Calculate the remainder when 51 is divided by n.
6
Suppose 5*k + 16 = 3*t, -8 = 5*k - 3*k - 2*t. Let g(a) = -3*a**3 + 4*a**2 + a. Calculate the remainder when 107 is divided by g(k).
31
Let o(t) = -93*t**2 - 18*t + 8. Let k be o(2). Calculate the remainder when 79 is divided by (k/50)/(3/(-2) + 1).
15
Let r = -23 + 37. Suppose -5*x + r*x - 198 = 0. Calculate the remainder when 153 is divided by x.
21
Let b(k) = -k**3 - 3*k**2 + 12*k + 18. Let n be b(-5). Suppose -20 = -n*p + 3*p. What is the remainder when 18/(-27) - (-40)/6 is divided by p?
2
Suppose -3*y - 5*f + 171 = 0, 4*y = -2*f + 157 + 71. Calculate the remainder when 308 is divided by y.
23
Suppose -49*o - 49*o + 3441 + 3321 = 0. Calculate the remainder when 152 is divided by o.
14
Suppose 3*x - 571 = 109*z - 113*z, -3*z - 3*x = -426. Calculate the remainder when 571 is divided by z.
136
Let x be (6/4)/(96/(-128)). What is the remainder when (-204)/x - (16 + -17) is divided by 26?
25
Suppose 5*u - 884 = -3*k, 0 = u - 4*k + 3*k - 188. What is the remainder when 255 is divided by u?
74
Let c(f) = 5*f + 42. Let b be c(-8). Let g(t) = t**3 - 2*t**2 - t + 4. Let d be g(b). What is the remainder when 82 is divided by ((-12)/(-36))/(d/102 + 0)?
14
Suppose -14*w + 5 = 5. Suppose 11*y - 32*y + 336 = w. What is the remainder when 1438 is divided by y?
14
Let j(f) = 2*f - 3. What is the remainder when (4 - 0)/(-1) + 2 + 111 is divided by j(5)?
4
Let n(h) = 2*h + 20. Let j be n(-10). Calculate the remainder when (-312)/(-10) - 1/5 is divided by j + -1 - (-44 + 36).
3
Let o(n) = n**3 - 4*n**2 + 2*n - 5. What is the remainder when o(5) is divided by (-94)/(-6) + 5/15?
14
Let r(k) = -7*k + 3. Let l(p) = -p**2 + 20*p - 9. Let d(m) = -6*l(m) - 17*r(m). Let y be d(2). What is the remainder when 4/(-10) - (-3060)/y is divided by 25?
22
Let n(f) = 203*f + 3656. Let y = 1 + 4. Calculate the remainder when y is divided by n(-18).
1
Suppose -3*j + 2118 = t - 1207, 2*j - 3*t = 2235. Suppose j = 16*x - x. Calculate the remainder when x is divided by (-76)/(-5) + 8/(-40).
14
Calculate the remainder when 98 is divided by 54/(-15) + 4 - -21*87/45.
16
Calculate the remainder when 25/(1/34*17) is divided by 9.
5
Let m(i) = 2*i**2 + 70*i + 2637. Calculate the remainder when m(-24) is divided by 33.
30
Suppose 8*b = -4*b + 24. Suppose 4*m + 3*j - 865 = 0, -j - 237 = b*m - 672. Suppose 2*u = 83 + 29. Calculate the remainder when m is divided by u.
52
Let h(d) = -5*d**3 - 114*d**2 - 22*d - 57. Calculate the remainder when h(-23) is divided by 33.
21
Let g(a) = -4*a + 76. Calculate the remainder when 239 is divided by g(4).
59
Let t be (-3)/1 - (31 + -2). Let y = -36 - t. Calculate the remainder when (0 + -3)*y/(60/385) is divided by 26.
25
Let h(i) = 12*i - 67. Let x be h(6). Suppose 4*u + x*c = 1051 - 311, -c = u - 185. What is the remainder when u is divided by 63?
59
Suppose -15*z + 112*z - 1125 = -28*z. What is the remainder when 35 is divided by z?
8
Let f(c) = -4*c**2 + 307*c - 152. What is the remainder when 866 is divided by f(75)?
120
Let m = 3195 - 2932. Calculate the remainder when 674 is divided by m.
148
Let c = 17831 + -17820. What is the remainder when 232 is divided by c?
1
Suppose 6*t - 289 = 3*t - a, 5*t - 2*a - 500 = 0. Let z = -57 + t. What is the remainder when z is divided by 9?
5
Suppose 219 = 4*v - 82*f + 85*f, 3*v + f - 163 = 0. Let g = -9 - -42. Calculate the remainder when v is divided by g.
21
Let b(v) = -v + 10. Let w be b(8). What is the remainder when ((-120)/(-200))/((-1)/(-40) + 0) is divided by w/(-6) + (-96)/(-18)?
4
Let p(o) = -1703*o + 3431. Let j = -18 + 25. What is the remainder when p(2) is divided by j?
4
Calculate the remainder when (1 - 3)/(-4)*(-37 - (-53 - 3226)) is divided by 1620.
1
Suppose 0 = -2*h + 4, x - h - 21 = -24. Calculate the remainder when (2660/(-21) + x)/((-2)/6) is divided by 55.
53
Let s(d) = 2*d**3 + 4*d**2 + 33*d - 16. Let z(k) = -3*k**3 - 4*k**2 - 34*k + 17. Let q(j) = -4*s(j) - 3*z(j). What is the remainder when q(9) is divided by 38?
34
Let n(w) = w**3 - 14*w**2 + 34*w - 577. Calculate the remainder when 4577 is divided by n(15).
153
Let c(q) = 4*q - 16. Let t be c(7). Let u = t + 2. What is the remainder when 64 is divided by (44/u)/(2 + 78/(-42))?
20
Suppose -101 - 2702 = -29*q + 1315. Calculate the remainder when q is divided by 33.
10
Suppose 0 = -b - 2, -2*b = -5*w - 0*b + 99. Let l = -227825 - -227898. What is the remainder when l is divided by w?
16
Suppose -3*x + 284 = 4*i - 31, 3*i - x = 233. Suppose 293 = 7*h - i. Calculate the remainder when h is divided by 15.
8
Suppose 3*s - p - 34261 = 0, 7*s + 2*p - 45658 = 3*s. Calculate the remainder when s is divided by 27.
24
Suppose 40*s - 4341 + 220 = 799. What is the remainder when s is divided by 8?
3
Let v(u) = 103*u**2 + 107*u + 42. What is the remainder when v(-5) is divided by 5?
2
Suppose 0 = 35*p - 205*p - 1175 + 155. Let j be -2 + 1 - (-2)/(-2). What is the remainder when (j/(-4))/(p/(-156)) is divided by 3?
1
What is the remainder when 498 is divided by 25*65/26*4/10?
23
Suppose a = 3*k - 6, 4*a - 10 = -k - 4*k. Suppose -5*p + 25 = 0, k*t = p + 53 + 68. What is the remainder when t is divided by 6*(10/6 - -1)?
15
Let k be 40/10 - (-3 - 1). Suppose -b - l = -30, -3*l + l + k = 0. Suppose j + 46 = 3*o, -5*j + 4 = 2*o - 4. Calculate the remainder when b is divided by o.
12
Suppose 0 = 5*y - 40. Let i = -6 + y. Suppose -4*b + 188 = -0*b - i*a, -5*b - 2*a = -217. What is the remainder when b is divided by 12?
9
Let v(w) = w**2 - 21*w + 11. Let s be v(22). Let p = 85 - s. Calculate the remainder when p is divided by 9.
7
Let v = 1242 - 868. Calculate the remainder when v is divided by 123.
5
Let p(f) = 170*f + 7. 